t common factor of 35120 and 272?
16
Calculate the greatest common divisor of 561 and 1132846.
187
What is the highest common divisor of 34 and 6042?
2
What is the greatest common factor of 198957 and 1155?
33
Calculate the greatest common factor of 33286 and 256190.
374
What is the highest common divisor of 20888 and 41048?
56
Calculate the greatest common factor of 231787 and 186.
31
Calculate the highest common divisor of 13481 and 676.
13
Calculate the greatest common factor of 2774 and 1253994.
146
Calculate the highest common factor of 1037109 and 1569.
1569
What is the greatest common factor of 488532 and 176?
44
What is the highest common factor of 111776 and 288?
32
What is the greatest common divisor of 14 and 93016?
14
Calculate the highest common divisor of 2183373 and 10476.
873
What is the highest common divisor of 40 and 2781490?
10
Calculate the highest common factor of 6 and 66786.
6
Calculate the greatest common divisor of 216710 and 260.
130
Calculate the highest common factor of 158967 and 8312.
1039
Calculate the greatest common divisor of 8625 and 1000.
125
Calculate the highest common divisor of 1305096 and 48.
24
Calculate the greatest common divisor of 589 and 4085.
19
What is the highest common divisor of 25 and 1536725?
25
What is the greatest common factor of 2041 and 1742?
13
What is the greatest common divisor of 18174 and 1482?
78
What is the greatest common factor of 96 and 101568?
96
What is the highest common factor of 520068 and 114?
114
What is the greatest common divisor of 16902 and 30?
6
What is the greatest common factor of 349868 and 1504?
188
Calculate the greatest common divisor of 1520 and 2497816.
152
What is the greatest common factor of 3 and 330549?
3
What is the highest common divisor of 11872 and 1219?
53
Calculate the greatest common factor of 58905 and 57120.
1785
Calculate the greatest common factor of 896 and 5768.
56
What is the highest common factor of 6371 and 207?
23
Calculate the highest common divisor of 25488 and 33512.
472
Calculate the greatest common factor of 2553 and 4773.
111
What is the highest common factor of 86 and 1595085?
43
What is the greatest common factor of 2330224 and 663?
221
Calculate the highest common factor of 118 and 350342.
118
What is the highest common divisor of 1804 and 25748?
164
What is the greatest common divisor of 550 and 2222?
22
What is the highest common divisor of 495328 and 40?
8
What is the greatest common divisor of 2391510 and 990?
330
Calculate the highest common divisor of 292 and 4387373.
73
What is the highest common factor of 4619 and 4768?
149
What is the highest common factor of 310 and 235?
5
Calculate the highest common divisor of 16 and 1158.
2
Calculate the greatest common divisor of 87 and 3625.
29
Calculate the highest common divisor of 580 and 1620.
20
Calculate the greatest common divisor of 1235 and 8905.
65
Calculate the greatest common divisor of 620780 and 60.
20
What is the greatest common divisor of 116 and 20329?
29
Calculate the greatest common factor of 25 and 89625.
25
What is the highest common factor of 3206 and 178391?
229
Calculate the greatest common factor of 1396 and 243951.
349
Calculate the greatest common factor of 387 and 49536.
387
What is the highest common factor of 193984 and 256?
64
Calculate the greatest common factor of 114910 and 20.
10
What is the greatest common divisor of 175 and 208775?
175
Calculate the highest common divisor of 10536 and 292.
4
Calculate the greatest common factor of 3318408 and 12.
12
Calculate the greatest common divisor of 818 and 71.
1
What is the highest common divisor of 21 and 222369?
21
What is the highest common factor of 48 and 179508?
12
Calculate the highest common factor of 982080 and 140.
20
Calculate the highest common factor of 1490 and 1530.
10
Calculate the greatest common factor of 195 and 18213.
39
What is the highest common factor of 1677 and 258?
129
Calculate the greatest common factor of 9 and 32094.
9
What is the greatest common divisor of 2541 and 685223?
847
What is the highest common factor of 81972 and 972?
324
What is the highest common factor of 44 and 833646?
22
What is the highest common divisor of 7 and 101125?
1
Calculate the highest common factor of 434 and 143437.
217
What is the highest common factor of 2861969 and 11?
11
What is the highest common divisor of 75 and 21155?
5
What is the greatest common divisor of 96 and 425344?
32
Calculate the highest common factor of 2140 and 4927992.
428
Calculate the highest common factor of 188121 and 438.
219
Calculate the highest common divisor of 1656 and 348312.
552
What is the greatest common divisor of 382725 and 225?
225
Calculate the greatest common divisor of 5045 and 5.
5
What is the greatest common factor of 130728 and 228?
12
What is the highest common divisor of 343188 and 48?
12
What is the highest common factor of 7134 and 2214?
246
What is the highest common divisor of 1056 and 12573?
33
What is the highest common factor of 2278 and 31490?
134
Calculate the greatest common divisor of 1564 and 53516.
68
Calculate the greatest common divisor of 1263440 and 2040.
680
Calculate the greatest common factor of 14 and 60809.
7
Calculate the greatest common divisor of 736 and 33212.
92
Calculate the highest common factor of 310120 and 50.
10
Calculate the highest common divisor of 225 and 41550.
75
What is the highest common factor of 302 and 213363?
151
Calculate the greatest common factor of 33 and 42647.
11
Calculate the greatest common factor of 2800 and 6384.
112
Calculate the highest common divisor of 101083 and 1119.
373
What is the greatest common factor of 114 and 78033?
57
What is the highest common factor of 51 and 32436?
51
Calculate the highest common factor of 28861 and 2107.
49
What is the highest common divisor of 500 and 18256000?
500
What is the greatest common factor of 635375 and 425?
425
Calculate the greatest common factor of 3894 and 9027.
177
What is the greatest common factor of 4350 and 4387700?
1450
Calculate the greatest common factor of 3968 and 31.
31
Calculate the highest common divisor of 635 and 725424.
127
Calculate the greatest common factor of 54 and 917874.
18
What is the greatest common factor of 108 and 142560?
108
What is the greatest common factor of 8928 and 2016?
288
Calculate the highest common factor of 113665 and 1270.
635
What is the highest common factor of 1456 and 23674?
14
Calculate the highest common factor of 390 and 410.
10
Calculate the highest common divisor of 779 and 1607077.
779
Calculate the highest common divisor of 305 and 268400.
305
Calculate the highest common divisor of 4 and 244088.
4
Calculate the greatest common divisor of 416 and 1216592.
208
What is the greatest common divisor of 2828 and 120291?
101
Calculate the highest common factor of 160 and 880.
80
Calculate the greatest common factor of 12457731 and 639.
213
Calculate the highest common factor of 972 and 5508.
324
Calculate the highest common divisor of 42 and 15342.
6
Calculate the greatest common divisor of 700 and 2498475.
175
What is the highest common factor of 178545 and 15?
15
What is the highest common divisor of 2625156 and 327?
327
What is the greatest common factor of 3357 and 405?
9
Calculate the highest common factor of 1836 and 155754.
306
Calculate the highest common factor of 210404 and 2300.
92
What is the greatest common factor of 175 and 1897?
7
Calculate the greatest common divisor of 195 and 3265275.
195
Calculate the highest common factor of 65504 and 180848.
1424
Calculate the greatest common factor of 5421975 and 1625.
325
What is the greatest common divisor of 39715 and 2867?
47
What is the highest common factor of 8584 and 9768?
296
What is the greatest common divisor of 450 and 11430?
90
What is the highest common factor of 1303467 and 33?
33
What is the greatest common divisor of 24420 and 67980?
660
Calculate the highest common divisor of 12 and 25468.
4
What is the highest common factor of 126 and 342?
18
What is the greatest common factor of 48848 and 34744?
344
What is the greatest common divisor of 25 and 12130875?
25
What is the greatest common divisor of 86892 and 468?
156
What is the greatest common divisor of 612 and 423936?
3